, -5*p - 6 = -3*x + 7. Let k(y) = y**3 + 7*y**2 - 8*y + 4. Let t be k(-8). Calculate the remainder when (t - 3)/(x/12) is divided by 7.
5
Let l = 10 - 22. What is the remainder when (-152)/l*6/4 is divided by 4?
3
Suppose -2*s = -5*s + 198. What is the remainder when s is divided by 23?
20
Let m(f) = -5*f - 3. Let t be m(-2). Suppose 6*l = t*l - 12. Calculate the remainder when 22 is divided by l.
10
Suppose -5*r + 4*r = -26. Calculate the remainder when 6/27 + 1364/18 is divided by r.
24
Suppose 18 = 3*m - 2*m. Calculate the remainder when 69 is divided by m.
15
Calculate the remainder when 27 is divided by 3/(-2)*224/(-24).
13
Let v = -38 + -27. Calculate the remainder when (8/10)/((-2)/v) is divided by 10.
6
Suppose 0 = 4*p - 70 - 62. Suppose 4*h - 27 - 49 = 0. Calculate the remainder when p is divided by h.
14
Let y(o) = 10*o + 9. Suppose 4*u = 23 - 3. What is the remainder when y(u) is divided by 15?
14
Let h = 10 - -71. Suppose 3*i - 55 - 17 = -3*z, -99 = -5*i + 2*z. Calculate the remainder when h is divided by i.
18
Let d(c) = -28*c**3 - 2*c**2 + c + 1. What is the remainder when 103 is divided by d(-1)?
25
Suppose 3*g + k - 34 = -0*g, -5*g + 4*k = -68. What is the remainder when 46 is divided by g?
10
Let z(h) = -h. Let j = -6 - -1. What is the remainder when 19 is divided by z(j)?
4
Suppose -3*z - 12 = 3*t - 36, 5*t + 10 = 5*z. Calculate the remainder when z is divided by 1.
0
Let w(a) = 2*a + 2 + a - 2*a. Let r be w(2). Suppose -4*m - 6 = -m, r*m = -5*o + 82. Calculate the remainder when o is divided by 10.
8
Let l(z) = -2*z - 5. Let r be l(-5). Let d = 43 - r. What is the remainder when d is divided by -13*(-1)/(-2)*-2?
12
Suppose 0 = -2*s - 2*s - 88. Let h = s + 75. Calculate the remainder when h is divided by 18.
17
Suppose 0 = -10*c - 188 + 478. What is the remainder when 77 is divided by c?
19
Let d = 4 - -4. Suppose 3*f = d*f + 5. Calculate the remainder when (10 - 1) + f + 2 is divided by 4.
2
Suppose -2*v = -2*b - 18, -2*b = -2*v + 4*v - 22. Let m = v + 1. Calculate the remainder when 30 is divided by m.
8
Let g(d) = -88*d + 1. Let b be g(-1). Let h = b + -51. What is the remainder when h is divided by 20?
18
Let x(u) = 9*u - 2. Let r be x(2). Let f = -9 - -24. What is the remainder when f is divided by r*(3/(-2) - -2)?
7
Let u = -1 + 0. Let p = -42 + 74. Calculate the remainder when p is divided by ((-2)/u - 19)/(-1).
15
Let i = -3 - -3. Suppose 2 = -m, 3*c + i*m - 226 = 5*m. Let o = 112 - c. Calculate the remainder when o is divided by 21.
19
Suppose 3*p = 3*z + 4*p + 7, -2*z - 3*p = 0. Let d = z - -8. Suppose 7*t = -546 + 602. Calculate the remainder when t is divided by d.
3
Suppose -2*n + 3*n + p - 9 = 0, 3*p = -12. Let o be 2*(0 + 0 - 5). Calculate the remainder when (-2)/5 - 254/o is divided by n.
12
Suppose 13*k - 16*k = -81. Calculate the remainder when 104 is divided by k.
23
Suppose -3*d + 84 = 3. Calculate the remainder when d is divided by 6.
3
Let d(b) = b**2 + 29. Let k be d(0). Suppose k + 71 = -5*f. What is the remainder when (f/(-6))/((-6)/(-9)) is divided by 3?
2
Let i(s) = -s + 25. Calculate the remainder when 43 is divided by i(14).
10
Suppose 6*y = y - 4*c + 482, 4*c + 498 = 5*y. Calculate the remainder when y is divided by 25.
23
Let m(z) = -2*z + 11. Let j be m(8). Let u(h) = -4*h + 6. Suppose 0 = -5*i + 8 + 37. What is the remainder when u(j) is divided by i?
8
Let g = -46 - -61. Calculate the remainder when 86 is divided by g.
11
Suppose -o = -9 - 1. Calculate the remainder when 29 is divided by o.
9
Suppose -6*o + 32 = -2*o. Calculate the remainder when 23 is divided by o.
7
Let x(l) = -l**2 + 8*l - 7. Let b be x(6). Suppose -6*c + c + 5*y = -25, 4*y - 70 = -b*c. What is the remainder when c is divided by 6?
4
Suppose -4*o + 3 = 355. Let v = o + 173. Calculate the remainder when v is divided by 22.
19
Let b = 4 + -3. Let r = b + 8. Calculate the remainder when r is divided by 5.
4
Suppose -9 = 2*m - 5*m. Let y(n) = -7 - n**2 + 3 + 1 + 9*n. Calculate the remainder when y(8) is divided by m.
2
Suppose 0 = -4*c - 5*j + 40, 0*c + c + 4*j - 21 = 0. Calculate the remainder when (-18)/(-15)*(-20)/(-2) is divided by c.
2
Suppose -h - 2 = 0, f - 4*h = 23 + 3. Let z = 44 - -26. Calculate the remainder when z is divided by f.
16
Let v = 185 + -114. What is the remainder when v is divided by 18?
17
Suppose w + 5*a + 194 = 0, 3*w + a - 5*a + 506 = 0. What is the remainder when (4/(-12))/(2/w) is divided by 15?
14
Let f = -2 + 2. Suppose f = 4*c - 12 + 28. What is the remainder when 4 is divided by 1/((c/(-6))/2)?
1
Let c = -5 + 28. Suppose -c = -h + 2*z, h - 14 = 5*z - 0*z. Suppose 37 = 3*o - 11. Calculate the remainder when h is divided by o.
13
Suppose 0 = 2*q - 0*q - 26. Suppose 0 = -0*s + 2*s - 10. Suppose -2*n = -7*n + p + 118, 5*p - 130 = -s*n. What is the remainder when n is divided by q?
11
Calculate the remainder when 40 is divided by 13 - ((-1)/(-2))/(2/(-4)).
12
Let u = 16 - 10. Let l(p) = 5*p - 2. What is the remainder when l(u) is divided by 15?
13
Suppose 9*p = 13*p - 60. Calculate the remainder when 59 is divided by p.
14
Let x = -21 + 6. Let o(b) = -b - 5. What is the remainder when 5 + (-5)/(x/(-9)) is divided by o(-6)?
0
Let s(z) = 7*z + 6. What is the remainder when s(9) is divided by 24?
21
Let b = 17 + -6. Let i(r) = 2*r**3 - 2*r**2 - 3*r + 2. What is the remainder when b is divided by i(2)?
3
Let n be 7/((-2)/(0 + -2)). Let l = n + 4. Calculate the remainder when l is divided by 1 + 3 + -7 + 7.
3
Let i = 4 - 11. Let u = 58 + i. Calculate the remainder when u is divided by 13.
12
Let o(q) = q**2 + 2*q - 4. Calculate the remainder when o(3) is divided by 3.
2
Let z(v) = -2*v**2 + v + 30. Calculate the remainder when z(0) is divided by 11.
8
Let c = -5 - -8. Suppose c*k + 0*k - 9 = 0. Suppose 2*u = -y + 2, k*y = -5*u + 4 + 2. What is the remainder when y is divided by 2?
0
Suppose -4*o + 40 = 3*n, 0 = 8*n - 3*n + 2*o - 62. What is the remainder when 19 is divided by n?
7
Suppose 7 - 1 = -3*h. Let u be (-44)/(-10) + h/5. Suppose 5*b - 16 = u. What is the remainder when 11 is divided by b?
3
Suppose -2*w = 4 - 12. Suppose -5*k + w = -166. Calculate the remainder when k is divided by 12.
10
Calculate the remainder when (2 - (14 - -1))*-3 is divided by 21.
18
Let y = 114 + -99. Let k = -12 + 102. Let v = -47 + k. Calculate the remainder when v is divided by y.
13
Suppose -18 = -14*m + 12*m. Calculate the remainder when 33 is divided by m.
6
Calculate the remainder when 1828/24 - 1/6 is divided by 26.
24
Suppose 12 - 27 = -5*i. Suppose 0 = -5*x + i*r + 116, 5*r - 41 - 49 = -3*x. Suppose -d + 13 = -0*d. What is the remainder when x is divided by d?
12
Calculate the remainder when -15*((0 + 2)*1)/(-2) is divided by 10.
5
Let v(p) = -17*p - 7. What is the remainder when v(-4) is divided by 16?
13
What is the remainder when 69 is divided by 33 + 1 + (4 - 2)?
33
Let u = 6 - 3. Suppose -y - 4*r + 15 = 0, -5*y - r + 75 = -2*r. Calculate the remainder when 42 + (-4 - -2) + u is divided by y.
13
Suppose 0*f - 84 = -7*f. What is the remainder when 34 is divided by f?
10
Suppose -3*u + 4*u = f + 9, -5*f + 35 = 3*u. What is the remainder when 38 is divided by u?
8
Let y(c) = -c**3 - 8*c**2 - 4*c - 8. Let p be y(-6). What is the remainder when 26 is divided by (p/6)/((-2)/3)?
12
Let f(x) = -x**3 + 11*x**2 - 10*x - 7. What is the remainder when f(7) is divided by 11?
9
Let k(h) be the first derivative of h**2 + 3*h - 1. Let q be k(-2). Calculate the remainder when 1 is divided by -2*1*q/2.
0
Suppose -2*y - k + 13 = -42, -4*k = -5*y + 118. What is the remainder when y is divided by 9?
8
Let q = -21 + 40. Suppose -2*t + q = 1. Calculate the remainder when 33 is divided by t.
6
Suppose 0 = -4*n + 4*t + 4, 0*t + 3*t = 5*n - 3. Suppose 4*a + n*a - 228 = 0. Suppose -a = -7*l + 4*l. Calculate the remainder when l is divided by 10.
9
Let q = 84 - 129. What is the remainder when q/(-20) + 3/(-12) is divided by 2?
0
Calculate the remainder when 2570/40 + (-2)/8 is divided by 22.
20
Suppose -8 - 20 = -4*d. Let m(b) = b + 10. Let h be m(0). Calculate the remainder when d is divided by 5/1*8/h.
3
Let z be ((-32)/20)/(2/(-5)). Suppose -z*d + 4*t = -109 - 39, -74 = -2*d + 4*t. What is the remainder when d is divided by 19